{"id":1221,"date":"2018-10-01T11:39:10","date_gmt":"2018-10-01T09:39:10","guid":{"rendered":"https:\/\/www.debatte.rwth-aachen.de\/wordpress\/?page_id=1221"},"modified":"2022-04-25T18:30:02","modified_gmt":"2022-04-25T16:30:02","slug":"regeln","status":"publish","type":"page","link":"https:\/\/www.debatte.rwth-aachen.de\/wordpress\/debatt-2-0\/regeln\/","title":{"rendered":"Regeln"},"content":{"rendered":"\n<p><!--:de--><em>Im deutschsprachigen Raum werden zwei Debattierformate debattiert. Zum einen im international dominierenden und bei uns mei\u00dft debattierten &#8220;British Parliamentary Style&#8221;(BPS) und zum anderen das exklusiv deutsche Format der &#8220;Offenen Parlamentarischen Debatte&#8221;(OPD).<\/em><\/p>\n\n\n\n<h3 class=\"wp-block-heading\">BPS<\/h3>\n\n\n\n<div class=\"wp-block-image\"><figure class=\"alignright size-large\"><img loading=\"lazy\" decoding=\"async\" width=\"919\" height=\"874\" src=\"https:\/\/www.debatte.rwth-aachen.de\/wordpress\/wp-content\/uploads\/BP_final.jpg\" alt=\"\" class=\"wp-image-1241\" srcset=\"https:\/\/www.debatte.rwth-aachen.de\/wordpress\/wp-content\/uploads\/BP_final.jpg 919w, https:\/\/www.debatte.rwth-aachen.de\/wordpress\/wp-content\/uploads\/BP_final-300x285.jpg 300w, https:\/\/www.debatte.rwth-aachen.de\/wordpress\/wp-content\/uploads\/BP_final-768x730.jpg 768w, https:\/\/www.debatte.rwth-aachen.de\/wordpress\/wp-content\/uploads\/BP_final-284x270.jpg 284w\" sizes=\"auto, (max-width: 919px) 100vw, 919px\" \/><\/figure><\/div>\n\n\n\n<p><br>In BPS gibt es vier Teams aus jeweils zwei Redner*innen. Zwei Teams reden f\u00fcr die Regierung, zwei reden f\u00fcr die Opposition. Dabei haben die Teams 15 min Zeit um sich auf die Debatte vorzubereiten und dann jeweils zwei siebenmin\u00fctige Reden. Es reden erst die Redner der er\u00f6ffnenden Teams abwechselnd und nach den ersten vier Rednern dann die vier Redner der schlie\u00dfenden Teams. Zwischen der 1. und 6. Minute einer Rede hat die Gegenseite die M\u00f6glichkeit Fragen anzubieten, welche der Redner drannehemen oder abwinken kann. Eine Besonderheit bilden die beiden Schlussreden, die so genannten &#8220;Whips&#8221;. Diese d\u00fcrfen keinen neuen argumentativen Beitrag mehr leisten, sondern haben die Aufgabe zu vergleichen, abzuw\u00e4gen und zu zeigen, warum das eigene Team gewonnen hat.<\/p>\n\n\n\n<p>Die Bewertung in BPS erfolgt nur nach einem Kriterium und zwar &#8220;\u00dcberzeugung&#8221;. Der\/Die Juror*in bzw. die Juroren vergleichen also welches Team mit ihren Reden am mei\u00dften von der eigenen Seite \u00fcberzeugen konnte.<\/p>\n\n\n\n<h3 class=\"wp-block-heading\">&nbsp;<\/h3>\n\n\n\n<h3 class=\"wp-block-heading\">&nbsp;<\/h3>\n\n\n\n<h3 class=\"wp-block-heading\">OPD<\/h3>\n\n\n\n<div class=\"wp-block-image\"><figure class=\"alignright size-large\"><img loading=\"lazy\" decoding=\"async\" width=\"958\" height=\"905\" src=\"https:\/\/www.debatte.rwth-aachen.de\/wordpress\/wp-content\/uploads\/OPD.jpg\" alt=\"\" class=\"wp-image-1243\" srcset=\"https:\/\/www.debatte.rwth-aachen.de\/wordpress\/wp-content\/uploads\/OPD.jpg 958w, https:\/\/www.debatte.rwth-aachen.de\/wordpress\/wp-content\/uploads\/OPD-300x283.jpg 300w, https:\/\/www.debatte.rwth-aachen.de\/wordpress\/wp-content\/uploads\/OPD-768x726.jpg 768w, https:\/\/www.debatte.rwth-aachen.de\/wordpress\/wp-content\/uploads\/OPD-286x270.jpg 286w\" sizes=\"auto, (max-width: 958px) 100vw, 958px\" \/><\/figure><\/div>\n\n\n\n<p><br>In OPD gibt es je ein Team auf der Regierungsseite und eins auf der Oppositionsseite. Diese bestehen aus jeweils drei Redner*innen. Zus\u00e4tzlich gibt es 3 zun\u00e4chst fraktionsfreie &#8220;Freie Redner&#8221;, welche nach den ersten vier Rednern reden. Die Teams haben auch in OPD 15 min Vorbereitungszeit und jeweils 7 Minuten Redezeit. Die Freien Redner hingegen erfahren das Thema erst zu Beginn der Debatte und halten nach den ersten vier Rednern jeweils 3,5 min\u00fctige Reden, in denen sie sich auf eine der beiden Seiten stellen m\u00fcssen. Nach jeder freien Rede muss das Team der Gegenseite eine einmin\u00fctige Gegenrede halten, welche den freien Redner davon \u00fcberzeugen soll die Seite zu wechseln. Nachdem die freien Redner geredet haben, folgen noch die Schlussreden der Teams in umgekehrter Reihenfolge (die Regierung redet zuletzt). Wie in BPS sollen die Schlussreden kein neues argumentatives Material mehr in die Debatte bringen, sondern haben die Aufgabe zusammenzufassen, abzuw\u00e4gen und zu erkl\u00e4ren, warum ihr Team die besseren Argumente in der Debatte hatte.<\/p>\n\n\n\n<p>Die Bewertung in OPD erfolgt in verschieden Kategorien. Dabei gibt es Kategorien f\u00fcr die Redner und Kategorien f\u00fcr die Teams. Wichtig dabei ist, dass neben der inhaltlichen Leistung auch die Rhetorik bewertet wird. Es gibt also zum Beispiel auch Punkte f\u00fcr Auftreten und Sprachkraft. <!--:--><\/p>\n","protected":false},"excerpt":{"rendered":"<p>Im deutschsprachigen Raum werden zwei Debattierformate debattiert. Zum einen im international dominierenden und bei uns mei\u00dft debattierten &#8220;British Parliamentary Style&#8221;(BPS) und zum anderen das exklusiv deutsche Format der &#8220;Offenen Parlamentarischen Debatte&#8221;(OPD). BPS In BPS gibt es vier Teams aus jeweils zwei Redner*innen. Zwei Teams reden f\u00fcr die Regierung, zwei reden f\u00fcr die Opposition. Dabei haben die Teams 15 min Zeit um sich auf die Debatte vorzubereiten und dann jeweils zwei siebenmin\u00fctige Reden. Es reden erst die Redner der er\u00f6ffnenden Teams&#8230;<\/p>\n<p class=\"read-more\"><a class=\"btn btn-default\" href=\"https:\/\/www.debatte.rwth-aachen.de\/wordpress\/debatt-2-0\/regeln\/\"> Read More<span class=\"screen-reader-text\">  Read More<\/span><\/a><\/p>\n","protected":false},"author":1,"featured_media":0,"parent":1214,"menu_order":2,"comment_status":"closed","ping_status":"closed","template":"","meta":{"footnotes":""},"class_list":["post-1221","page","type-page","status-publish","hentry"],"_links":{"self":[{"href":"https:\/\/www.debatte.rwth-aachen.de\/wordpress\/wp-json\/wp\/v2\/pages\/1221","targetHints":{"allow":["GET"]}}],"collection":[{"href":"https:\/\/www.debatte.rwth-aachen.de\/wordpress\/wp-json\/wp\/v2\/pages"}],"about":[{"href":"https:\/\/www.debatte.rwth-aachen.de\/wordpress\/wp-json\/wp\/v2\/types\/page"}],"author":[{"embeddable":true,"href":"https:\/\/www.debatte.rwth-aachen.de\/wordpress\/wp-json\/wp\/v2\/users\/1"}],"replies":[{"embeddable":true,"href":"https:\/\/www.debatte.rwth-aachen.de\/wordpress\/wp-json\/wp\/v2\/comments?post=1221"}],"version-history":[{"count":10,"href":"https:\/\/www.debatte.rwth-aachen.de\/wordpress\/wp-json\/wp\/v2\/pages\/1221\/revisions"}],"predecessor-version":[{"id":1519,"href":"https:\/\/www.debatte.rwth-aachen.de\/wordpress\/wp-json\/wp\/v2\/pages\/1221\/revisions\/1519"}],"up":[{"embeddable":true,"href":"https:\/\/www.debatte.rwth-aachen.de\/wordpress\/wp-json\/wp\/v2\/pages\/1214"}],"wp:attachment":[{"href":"https:\/\/www.debatte.rwth-aachen.de\/wordpress\/wp-json\/wp\/v2\/media?parent=1221"}],"curies":[{"name":"wp","href":"https:\/\/api.w.org\/{rel}","templated":true}]}}