{"id":1457,"date":"2021-04-05T10:44:20","date_gmt":"2021-04-05T08:44:20","guid":{"rendered":"https:\/\/www.debatte.rwth-aachen.de\/wordpress\/?page_id=1457"},"modified":"2021-04-05T10:44:21","modified_gmt":"2021-04-05T08:44:21","slug":"topics","status":"publish","type":"page","link":"https:\/\/www.debatte.rwth-aachen.de\/wordpress\/en\/topics\/","title":{"rendered":"Topics"},"content":{"rendered":"\n<p><strong>Bioethik \/ Bioethics<\/strong><\/p>\n\n\n\n<p>Dieses Haus w\u00fcrde Abtreibung verbieten.<br>Dieses Haus w\u00fcrde einen freien Markt f\u00fcr Babies einf\u00fchren.<br>Dieses Haus w\u00fcrde Organspenden nur noch an Menschen vergeben, die sich ebenfalls zu einer Organspende bereit erkl\u00e4rt haben.<br>Dieses Haus w\u00fcrde Geburtenkontrolle verbieten.<br>Dieses Haus w\u00fcrde bei allen Menschen mittels eines medizinischen Eingriffes den Sexualtrieb ausschalten.<br>Dieses Haus w\u00fcrde in bev\u00f6lkerungsreichen Regionen das Wasser mit Unfruchtbarkeitsmitteln kontaminieren.<br>Dieses Haus w\u00fcrde Menschen klonen.<br>Dieses Haus w\u00fcrde ausgestorbene Tiere klonen. <em>(z.B. <a href=\"http:\/\/goo.gl\/ytvy6\">Mammuts<\/a>)<\/em><br>Dieses Haus w\u00fcrde Eugenik einf\u00fchren.<br>Dieses Haus glaubt, dass im Falle einer Zombie-Epidemie Zombies ein Recht auf menschenw\u00fcrdiges Leben in Zombie-Habitaten haben.<\/p>\n\n\n\n<p>This House would criminalize all forms of pre-adult circumcision.<br>This House would remove the right to refuse medically necessary treatments.<br>This House believes that the state should assist people in committing suicide.<br>This House would allow doctors to actively lie to their patients in order to create or augment a placebo effect.<br>This house would allow people to sell their organs. \/ This house would legalise the sale of organs.<br>This House would allow the creation of donor siblings.<br>This House would allow \u201cdesigner babies\u201d.<br>This House would remove all legal barriers to the genetic enhancement of humans.<br>This House believes that upon death, everyone&#8217;s body should revert to the state for the purpose of organ donations or scientific uses.<\/p>\n\n\n\n<p><strong>Gleichstellung \/ (Anti-)Discrimination<\/strong><\/p>\n\n\n\n<p>Dieses Haus w\u00fcrde die gleichgeschlechtliche Ehe erlauben.<br>Dieses Haus w\u00fcrde die Grimmschen M\u00e4rchen gendergerecht umschreiben.<br>Dieses Haus w\u00fcrde das Betreuungsgeld einf\u00fchren.<br>Dieses Haus w\u00fcrde eine M\u00e4nnerquote in Kinderg\u00e4rten und Grundschulen einf\u00fchren.<br>Dieses Haus w\u00fcrde Reparationsleistungen an Frauen zahlen.<\/p>\n\n\n\n<p>This House would ban advertisements that use gender stereotypes.<br>This House would halt development aid to countries that punish homosexuality.This House would legalise adoption for homosexual couples.<br>This House believes that women should have equal rights and equal obligations in the army.<br>This House believes that early childhood education in schools should undermine traditional gender roles.<br>This House believes that the gay rights movement should oppose gay marriage.<br>This House would allow companies to employ open discrimination in their hiring practices.<\/p>\n\n\n\n<p><strong>Internationale Beziehungen \/ International Relations<\/strong><\/p>\n\n\n\n<p>Dieses Haus w\u00fcrde den Iran angreifen. \/ Dieses Haus w\u00fcrde einen Milit\u00e4rschlag gegen den Iran f\u00fchren.<br>Dieses Haus w\u00fcrde Anschl\u00e4ge auf Atomwissenschaftler im Iran ver\u00fcben.<br>Dieses Haus w\u00fcrde China den Handelskrieg erkl\u00e4ren.<br>Dieses Haus glaubt, die EU ist gro\u00df genug.<br>Dieses Haus h\u00e4lt die Revolutionen im Nahen Osten f\u00fcr eine Gefahr f\u00fcr<br>die westliche Welt.<br>Dieses Haus w\u00fcrde die europ\u00e4ische Au\u00dfenpolitik an Macchiavelli ausrichten.<br>Dieses Haus w\u00fcrde Volksaufst\u00e4nde in nicht-demokratischen Staaten milit\u00e4risch unterst\u00fctzen.<br>Dieses Haus w\u00fcrde eine Generalamnestie f\u00fcr illegale Migranten in der EU durchf\u00fchren.<br>Dieses Haus glaubt, Deutschland habe ein Anrecht auf Weltherrschaft.<br>Dieses Haus w\u00fcrde das Veto-Recht f\u00fcr st\u00e4ndige Mitglieder des UN-Sicherheitsrats abschaffen.<br>Dieses Haus glaubt, \u00c4gypten sollte eine milit\u00e4rische Garantie gegen eine Invasion in Gaza aussprechen.<\/p>\n\n\n\n<p>This House would accept Iran as a nuclear-armed country.<br>This House would disband NATO<strong>.<\/strong><br>This House believes that Russia was justified in vetoing intervention in Syria.<br>This House believes that the UN should accept Palestine as a full member state.This House believes that the West should promise preferential economic and political cooperation to Arab democracies who adopt secular constitutions.<br>This House would not give free things to developing countries.<br>This House would allow emergency and humanitarian aid to be distributed through groups linked to terrorism.<br>This House would partition Belgium.<br>This House would abolish all limits on immigration.<br>This House believes that people should have to earn their citizenship.<br>This House would dissolve the United Nations.<\/p>\n\n\n\n<p><strong>Kinder \/ Children<\/strong><\/p>\n\n\n\n<p>Dieses Haus glaubt, Eltern sollten ihre Kinder nicht auf Privatschulen schicken.<br>Dieses Haus w\u00fcrde das dreigliedrige Schulsystem zugunsten einer Gemeinschaftsschule bundesweit abschaffen.<br>Dieses Haus w\u00fcrde die Koedukation abschaffen.<br>Dieses Haus w\u00fcrde den Schulunterricht nur noch in englischer Sprache stattfinden lassen.<br>Dieses Haus fordert eine einheitliche Bildungspolitik auf Bundesebene.<br>Dieses Haus w\u00fcrde f\u00fcr Eltern die gleichen Anforderungen einf\u00fchren wie f\u00fcr Adoptiveltern.<br>Dieses Haus w\u00fcrde den Eltern von Schulschw\u00e4nzern das Kindergeld k\u00fcrzen.<br>Dieses Haus w\u00fcrde das Betreuungsgeld einf\u00fchren.<br>Dieses Haus w\u00fcrde den Zugang zu sozialen Netzwerken im Internet erst ab 18 Jahren erlauben.<\/p>\n\n\n\n<p>This House believes that early childhood education in schools should undermine traditional gender roles.<br>This House would ban international adoption.<br>This House would compel doctors to report all cases of suspected child or spouse abuse to the authorities.<br>This House wants a one child policy for the entire world.<\/p>\n\n\n\n<p><strong>Medien, Kunst und Kultur \/ Media, Art and Culture<\/strong><\/p>\n\n\n\n<p>Dieses Haus glaubt, jede Person hat das Recht, Bilder von Kunstwerken oder Auff\u00fchrungen zu machen und diese als eigene Kunstwerke zu ver\u00f6ffentlichen.<br>Dieses Haus w\u00fcrde alle staatlichen Theater und Museen an die private Wirtschaft verkaufen.<br>Dieses Haus w\u00fcrde die Bewahrung des christlich-j\u00fcdischen Kulturerbes in Deutschland zum Staatsziel machen.<br>Dieses Haus w\u00fcrde eine Quote f\u00fcr deutsche Musik einf\u00fchren.<br>Dieses Haus fordert: Keine nackte Haut im deutschen Fernsehen!<br>Dieses Haus glaubt, Fernsehen macht dumm.<br>Dieses Haus glaubt, dass Amokl\u00e4ufer K\u00fcnstler sind.<\/p>\n\n\n\n<p>This house would stop subsidising the arts.<br>This house believes that cruelty to animals is acceptable in a work of art.<br>This House would prohibit the media from using software to cosmetically improve an individual\u2019s appearance.<br>This House believes that stolen cultural artifacts should be returned to their place of origin.<\/p>\n\n\n\n<p><strong>Philosophie und Werte \/ Philosophy and Values<\/strong><\/p>\n\n\n\n<p>Dieses Haus glaubt an den gerechten Krieg.<br>Dieses Haus glaubt, dass eine stabile Diktatur besser ist als eine instabile Demokratie.<br>Dieses Haus w\u00fcrde den Schiffsjungen essen. <em>(<a href=\"http:\/\/en.wikipedia.org\/wiki\/R_v_Dudley_and_Stephens\">The Queen v. Dudley and Stephens<\/a>, Kannibalismus auf See)<\/em><br>Dieses Haus glaubt, dass milit\u00e4rische Mittel zur Durchsetzung wirtschaftlicher Interessen gerechtfertigt sind.<br>Dieses Haus w\u00fcrde die Idee der Einheitlichkeit und Gleichwertigkeit der Lebensverh\u00e4ltnisse in Deutschland aufgeben.<br>Dieses Haus glaubt, fr\u00fcher war alles besser.<br>Dieses Haus glaubt, die Demokratie ist gescheitert.<br>Dieses Haus w\u00fcrde sich die Karriereleiter hochschlafen.<\/p>\n\n\n\n<p>This House prefers a philosopher king to a tyrannical democracy.<br>This House supports the use of charity rather than state welfare system.<br>This House believes that violent civil disobedience is justified to enforce environmental protection.<br>This House believes that desecration of religious sites is a legitimate tactic of warfare.<br>This House would promote Atheism.<br>This House opposes organized religion.<br>This House believes that the state should publish deliberate mistruths during times of war.<br>This House believes there is nothing wrong with conversion through inducement.<br>This House believes that all states have a right to nuclear weapons.<br>This House believes that cruelty to animals is acceptable in a work of art.<br>This House does not support the universal right to procreate.<br>This House would allow soldiers to opt out of individual conflicts for personal reasons.<br>This House believes that the internet is inherently a force of democracy.<\/p>\n\n\n\n<p><strong>Rechtsprechung \/ Jurisdiction<\/strong><\/p>\n\n\n\n<p>Dieses Haus w\u00fcrde k\u00f6rperliche Schmerzen als Strafe zulassen.<br>Dieses Haus w\u00fcrde das Prinzip der Schuldunf\u00e4higkeit aufgeben.<br>Dieses Haus glaubt, dass Richter vom Volk gew\u00e4hlt werden sollten.<br>Dieses Haus w\u00fcrde Angeklagten erlauben, zwischen einem Richter und einer Jury zu w\u00e4hlen.<br>Dieses Haus w\u00fcrde bei gewaltlosen Straftaten keine Gef\u00e4ngnisstrafe verh\u00e4ngen.<br>Dieses Haus w\u00fcrde straff\u00e4llig gewordene Ausl\u00e4nder abschieben.Dieses Haus glaubt, dass Richtern als Strafma\u00df Menschenversuche zur Verf\u00fcgung gestellt werden sollten.<br>Dieses Haus fordert h\u00e4rtere Strafen f\u00fcr vors\u00e4tzlich falsche Berichterstattung.<br>Dieses Haus w\u00fcrde die Folter wieder einf\u00fchren.<br>Dieses Haus w\u00fcrde den Strafvollzug inhumaner machen.<br>Dieses Haus w\u00fcrde den Pranger wieder einf\u00fchren.<br>Dieses Haus w\u00fcrde Duelle erlauben.<\/p>\n\n\n\n<p>This House believes that the Catholic Church should be held liable for the wrongdoings of its priests.<br>This House would limit the amount of money corporations are allowed to spend in any one litigation.<br>This House would punish crimes of theft inversely proportional to the wealth of the victim.<br>This House would make fines relative to wealth.<br>This House would create a Supreme Court to protect future generations from current lawmakers.This House would allow defendants that belong to a minority group to choose to be judged by a jury composed exclusively of other members of their same minority group.<br>This House would legally require priests to report all serious crimes that they hear of in confessions.<br>This House believes that people sentenced to life imprisonment should be allowed to choose the death penalty instead.<br>This House regrets the extrajudicial killing of Colonel Gaddafi.<br>This House would not use retribution in sentencing convicted criminals.<\/p>\n\n\n\n<p><strong>Staatswesen \/ Political System<\/strong><\/p>\n\n\n\n<p>Dieses Haus glaubt, dass ein Mindestma\u00df an Allgemeinbildung eine notwendige Bedingung f\u00fcr Demokratie ist.<br>Dieses Haus unterst\u00fctzt die Ernennung technokratischer Regierungen in von der Finanzkrise betroffenen L\u00e4ndern der Eurozone.<br>Dieses Haus fordert in Extremsituationen die Diktatur auf Zeit.<br>Dieses Haus w\u00fcrde es dem Staat verbieten, Schulden zu machen.<br>Dieses Haus w\u00fcrde die F\u00fcnf-Prozent-H\u00fcrde abschaffen.<br>Dieses Haus w\u00fcrde eine Wahlpflicht einf\u00fchren.<br>Dieses Haus w\u00fcrde Gesetze nur noch befristet beschlie\u00dfen.<br>Dieses Haus w\u00fcrde Bundestagsabgeordneten verbieten, bezahlte Nebent\u00e4tigkeiten auszu\u00fcben.<br>Dieses Haus w\u00fcrde das Wahlrecht an einen W\u00e4hler-Test koppeln.<br>Dieses Haus glaubt, die Demokratie ist gescheitert.<\/p>\n\n\n\n<p>This House believes that first nations\u2019 peoples who live in geographically distinct areas should be given completely autonomous self-government.<br>This House would amend the U.S. constitution to prohibit the involvement of religious groups in the electoral process.<br>This House would make votes public.<br>This House would introduce a one-term limit for all public offices.<br>In cases of persistent tax evasion, this house would revoke an individual\u2019s right to vote.<br>This House would force elected politicians and their families to use only public health and education services.<br>This House believes that it is legitimate for states to deny residence or asylum to immigrants who openly contradict their predominant values.<\/p>\n\n\n\n<p><strong>Umwelt und Energie \/ Environmental Issues and Energy<\/strong><\/p>\n\n\n\n<p>Dieses Haus w\u00fcrde nichts gegen den Klimawandel unternehmen.<br>Dieses Haus w\u00fcrde den Emissionshandel abschaffen.<br>Dieses Haus w\u00fcrde den Artenschutz abschaffen.<br>Dieses Haus w\u00fcrde eine Obergrenze f\u00fcr den Kraftstoffverbrauch bei Kraftfahrzeugen einf\u00fchren.<\/p>\n\n\n\n<p>This House believes that now is the time to abandon nuclear energy.<br>This House believes that focusing on CO<sub>2<\/sub> reduction is a waste of time and money.<br>This House would ban nuclear energy.<br>This House believes that developing states should nationalize their energy resources.<\/p>\n\n\n\n<p><strong>Wirtschaft und Sozialsystem \/ Economy and Welfare<\/strong><\/p>\n\n\n\n<p>Dieses Haus w\u00fcrde die Pharmaindustrie verstaatlichen.<br>Dieses Haus w\u00fcrde die Gesetzliche Rentenversicherung abschaffen und nur noch Arbeitsunf\u00e4higkeitsrente zahlen.<br>Dieses Haus w\u00fcrde den Solidarit\u00e4tsbeitrag abschaffen.<br>Dieses Haus w\u00fcrde die Krankenkassenbeitr\u00e4ge f\u00fcr Raucher erh\u00f6hen.<br>Dieses Haus fordert ein bedingungsloses Grundeinkommen.<br>Dieses Haus w\u00fcrde die Rente abschaffen.<br>Dieses Haus w\u00fcrde Unternehmen verpflichten, 25% ihrer Aktien an Gewerkschaften zu verschenken.<br>Dieses Haus w\u00fcrde Individuen zwingen, Privatverm\u00f6gen \u00fcber 2 Mio. \u20ac gemeinn\u00fctzigen Zwecken zu spenden.Dieses Haus w\u00fcrde alle staatlichen Theater und Museen an die private Wirtschaft verkaufen.<br>Dieses Haus w\u00fcrde Steuer-CDs kaufen.<br>Dieses Haus w\u00fcrde alte Menschen zu sozialvertr\u00e4glichem Fr\u00fchableben verpflichten.<\/p>\n\n\n\n<p>This House would allow companies to employ open discrimination in their hiring practices.<br>This House would introduce an international minimum wage.<br>This House would impose an inheritance tax of 100%.<br>This House would tie the salaries of executives to those of their lowest paid employees.<br>This House would tax graduates to cover the costs of their education.<br>This House supports the use of charity rather than state welfare system.<br>This House would require people to work in return for welfare payments.<br>This House would allow companies to refuse to hire smokers.<br>This House believes that states should not compensate individuals who choose to live in disaster areas.<br>This House would not allow strikes in essential services, such as education and medical care.<br>This House believes that the state should not pay for university education.<br>This House would create public housing for the poor in wealthy areas.<br>This House would ban all speculation on food.<\/p>\n\n\n\n<p><strong>Nicht zugeordnet \/ Not assigned<\/strong><\/p>\n\n\n\n<p>Dieses Haus w\u00fcrde Alkohol und Tabak verbieten.<br>Dieses Haus w\u00fcrde Marihuana legalisieren.<br>Dieses Haus w\u00fcrde Gehirndoping verbieten.<br>Dieses Haus w\u00fcrde Doping legalisieren.<br>Dieses Haus w\u00fcrde eine Abgabe f\u00fcr \u00dcbergewicht einf\u00fchren.<br>Dieses Haus w\u00fcrde das Copyright abschaffen.<br>Soll der 9. November deutscher Nationalfeiertag werden?Sollte Christian Wulff zur\u00fccktreten?<br>Dieses Haus w\u00fcrde Prostitution als Ausbildungsberuf einf\u00fchren.<br>Dieses Haus w\u00fcrde den \u00f6ffentlichen Nahverkehr kostenlos gestalten.<br>Dieses Haus glaubt, Ehebrecher sollten keine hohen \u00f6ffentlichen \u00c4mter bekleiden d\u00fcrfen.<br>Halloween-Debatte: Dieses Haus w\u00fcrde den Muggeln alles erz\u00e4hlen.<br>Dieses Haus findet, die Menschheit sollte nat\u00fcrliche Schwangerschaften aufgeben, wenn die technische M\u00f6glichkeit einer kompletten Schwangerschaft im Inkubator gegeben w\u00e4re.<br>Dagobert Duck sollte sein halbes Verm\u00f6gen an Donald abgeben.<br>Dieses Haus w\u00fcrde das Patentrecht abschaffen.<br>Dieses Haus w\u00fcrde keine Agrarsubventionen zahlen.<br>Dieses Haus ist Mogli und w\u00fcrde dem M\u00e4dchen nicht folgen.<br>Dieses Haus w\u00fcrde eine Zivilklausel an deutschen Universit\u00e4ten einf\u00fchren.<br>Dieses Haus w\u00fcrde Bordelle auf Milit\u00e4rbasen im Ausland einrichten.<br>Dieses Haus w\u00fcrde der Basis jeder Partei das Recht geben, das Abstimmungsverhalten ihrer Abgeordneten zu bestimmen.<\/p>\n\n\n\n<p>This House would stop shaking hands after debates to prevent the spread of infections.<br>This House would not continue space exploration.<br>This House would legalize all forms of hate speech.<br>This House would inform the public about an impending apocalypse.<br>This House believes that Catholic priests should be allowed to marry.<br>This House would ban the commercial use of neuroimaging.<br>This House would introduce a fat tax.<br>This House would not allow embedded journalists attached to military units in war zones.<br>This House believes that sporting bodies should penalise teams when their players commit criminal acts off the field.<br>This House would take cult members into psychiatric care.<br>This House would ban cosmetic surgery.<br>This House would ban alcohol.<br>This House believes that the Indian government should ban marriages within the same caste.<br>This House would abandon the German army.<br>This House believes that the U.S. administration should publish all visual material relating to the death of Osama bin Laden.<br>This House believes that Germany should ban the publication of <em>Mein Kampf<\/em> indefinitely.<br>This House would ban Nazi and Soviet symbols.<br>This House would allow polygamy.<br>This House believes that the state should provide pedophiles with animated child pornography.<br>This House would ban gambling.<br>This House believes that film stars, music stars and other popular entertainers should not participate in political party campaigns.<\/p>\n","protected":false},"excerpt":{"rendered":"<p>Bioethik \/ Bioethics Dieses Haus w\u00fcrde Abtreibung verbieten.Dieses Haus w\u00fcrde einen freien Markt f\u00fcr Babies einf\u00fchren.Dieses Haus w\u00fcrde Organspenden nur noch an Menschen vergeben, die sich ebenfalls zu einer Organspende bereit erkl\u00e4rt haben.Dieses Haus w\u00fcrde Geburtenkontrolle verbieten.Dieses Haus w\u00fcrde bei allen Menschen mittels eines medizinischen Eingriffes den Sexualtrieb ausschalten.Dieses Haus w\u00fcrde in bev\u00f6lkerungsreichen Regionen das Wasser mit Unfruchtbarkeitsmitteln kontaminieren.Dieses Haus w\u00fcrde Menschen klonen.Dieses Haus w\u00fcrde ausgestorbene Tiere klonen. (z.B. Mammuts)Dieses Haus w\u00fcrde Eugenik einf\u00fchren.Dieses Haus glaubt, dass im Falle einer&#8230;<\/p>\n<p class=\"read-more\"><a class=\"btn btn-default\" href=\"https:\/\/www.debatte.rwth-aachen.de\/wordpress\/en\/topics\/\"> Read More<span class=\"screen-reader-text\">  Read More<\/span><\/a><\/p>\n","protected":false},"author":18,"featured_media":0,"parent":0,"menu_order":2,"comment_status":"closed","ping_status":"open","template":"","meta":{"footnotes":""},"class_list":["post-1457","page","type-page","status-publish","hentry"],"_links":{"self":[{"href":"https:\/\/www.debatte.rwth-aachen.de\/wordpress\/wp-json\/wp\/v2\/pages\/1457","targetHints":{"allow":["GET"]}}],"collection":[{"href":"https:\/\/www.debatte.rwth-aachen.de\/wordpress\/wp-json\/wp\/v2\/pages"}],"about":[{"href":"https:\/\/www.debatte.rwth-aachen.de\/wordpress\/wp-json\/wp\/v2\/types\/page"}],"author":[{"embeddable":true,"href":"https:\/\/www.debatte.rwth-aachen.de\/wordpress\/wp-json\/wp\/v2\/users\/18"}],"replies":[{"embeddable":true,"href":"https:\/\/www.debatte.rwth-aachen.de\/wordpress\/wp-json\/wp\/v2\/comments?post=1457"}],"version-history":[{"count":1,"href":"https:\/\/www.debatte.rwth-aachen.de\/wordpress\/wp-json\/wp\/v2\/pages\/1457\/revisions"}],"predecessor-version":[{"id":1458,"href":"https:\/\/www.debatte.rwth-aachen.de\/wordpress\/wp-json\/wp\/v2\/pages\/1457\/revisions\/1458"}],"wp:attachment":[{"href":"https:\/\/www.debatte.rwth-aachen.de\/wordpress\/wp-json\/wp\/v2\/media?parent=1457"}],"curies":[{"name":"wp","href":"https:\/\/api.w.org\/{rel}","templated":true}]}}